the remainder when (8/(-3))/(34/85)*-3 is divided by 15?
5
Let i be (-4)/12*-201 + (3 - -1). Let d = i - 33. Calculate the remainder when d is divided by 11.
5
Suppose 14*a - 17*a = -18. Calculate the remainder when (-10)/(-3)*27/a is divided by 9.
6
Let d = -20 - -29. Let v(o) = o**2 - 9*o + 21. Suppose -m - 22 = -3*m. What is the remainder when v(m) is divided by d?
7
Let j = -2 - -8. Suppose 3*r + 15 = 3*f, 0*f + 4*r = 3*f - 13. Suppose -u + 3*u - f = -h, 2*u = -3*h + 17. What is the remainder when j is divided by h?
1
Let h be 328/14 - 12/28. Let k = -15 + h. Let w = 104 + -74. What is the remainder when w is divided by k?
6
Let n = -1 + 6. Suppose 0 = -4*v + n*m + 67, v - 14 = 3*m + m. Calculate the remainder when 554/8 + (-3)/12 is divided by v.
15
Suppose -2*y + 30 - 12 = 0. Let z = -59 + 103. What is the remainder when z is divided by y?
8
Let l = -98 - -156. Let z = l - 38. What is the remainder when z is divided by (1*-2 - -3)*7?
6
Let t(x) = -3*x - 4. Let u be 0 + -3 + 6 + 8. Suppose 3*a + 7 = -3*w - u, -5*w - 6 = -3*a. Calculate the remainder when 12 is divided by t(w).
2
Suppose -2*h + 13*h = 352. What is the remainder when 153 is divided by h?
25
Suppose 3*p + 104 = 4*v, 6*p = 4*v + 5*p - 112. Suppose 62 - v = 3*c. What is the remainder when c is divided by 4?
3
Let g be 34 + -15 - (1 + -1). Suppose 3 = z - g. Let w = 239 + -155. Calculate the remainder when w is divided by z.
18
Let i(s) = s**3 - 4*s**2 - 2*s + 4. Let t be i(4). What is the remainder when t/14 + 200/14 is divided by (-4)/10 - (-1 - 111/15)?
6
Suppose v + 4*r = 180, -4*v + 783 = -5*r - 0*r. What is the remainder when v is divided by 14?
10
Let o = -7 - -37. Suppose -4*z + 194 - o = 0. What is the remainder when 120 is divided by z?
38
Let a(r) = 5*r - 8. Calculate the remainder when 95 is divided by a(6).
7
Calculate the remainder when 55 is divided by 38 - 0 - (-55)/(-11).
22
Let i(r) = r**3 + 6*r**2 + 6*r + 1. Calculate the remainder when (40/24)/(1/9) is divided by i(-4).
6
Suppose 3*l - 202 = -13. Calculate the remainder when 1196 is divided by l.
62
Let g be (0/(2 - (5 - 2)))/(-2). Suppose g = 3*v - 0*v - 4*h - 97, -5*v + 3*h = -147. What is the remainder when 106 is divided by v?
25
Suppose 1139 = 21*z - 2158. Calculate the remainder when z is divided by 57.
43
Suppose -2*k - 3530 + 3940 = 0. What is the remainder when k is divided by 96?
13
Suppose -403*x = -443*x + 2840. Let v(m) = m**3 + 2*m**2 - 2*m + 3. What is the remainder when x is divided by v(2)?
11
Suppose v - 4*v = 15. Let x = v - -13. Let f(m) = m**3 - 9*m**2 + 7*m + 11. What is the remainder when 3 is divided by f(x)?
0
Suppose 0 = -3*g + 484 + 317. Calculate the remainder when g is divided by 12/((-1)/(-1) - (-140)/(-252)).
24
Suppose 0*o = -4*o - 4*q + 128, -72 = -2*o + 2*q. Suppose 5*d - 60 = -5*x, -9*d = -7*d - x - 24. Calculate the remainder when o is divided by d.
10
Suppose 0 = 6*n - 4*n - 26. What is the remainder when (286/(-52))/((-2)/8) is divided by n?
9
Let c(j) = -276*j**3 - 9*j**2 - 9*j + 7. What is the remainder when c(-2) is divided by 22?
19
Suppose 12 + 12 = 2*s. Suppose -229 + 59 = -5*z. Calculate the remainder when z is divided by s.
10
Suppose 5*h - 19 = 4*h. Suppose 98*q - 90*q = 48. Calculate the remainder when h is divided by q.
1
Let p = 15 + -10. Let s be (-3)/5 - (-3)/p. Suppose 4*h + 19 - 99 = s. What is the remainder when 77 is divided by h?
17
What is the remainder when 46562/186 - 2/(-3) is divided by 14?
13
Let i be (33/6 - 4)*(-4)/(-3). Suppose -2*y = 3*n - 64, i*n - 5*y + 100 = 7*n. What is the remainder when n is divided by 14?
10
Let k be (-2)/((-1)/162 - 0). Let s be (-2)/5 + k/(-15). Let j = 7 - s. Calculate the remainder when 86 is divided by j.
28
Suppose -57 + 34 = y. Let u = y - -36. Calculate the remainder when 53 is divided by u.
1
Let j(c) = 14*c**2 + 7. Suppose -85 = 3*s - 8*s. What is the remainder when j(-3) is divided by s?
14
Suppose -p = 6*p + 119. Let t = -7 - p. Calculate the remainder when 17 is divided by t.
7
Suppose -54*p - 1075 = -59*p. What is the remainder when p is divided by 38?
25
Suppose -12 = -22*l + 20*l. Suppose -u = -l*u + 175. Calculate the remainder when u is divided by 22.
13
Let a(j) = j**3 + 14*j**2 + 22*j + 27. What is the remainder when a(-12) is divided by 20?
11
Let r(d) be the second derivative of -d**3/3 - 6*d**2 - 3*d. Let x be r(-6). Let i = x - -5. What is the remainder when 14 is divided by i?
4
Suppose 160*j = 154*j + 174. Calculate the remainder when 46 is divided by j.
17
Let d be (-44 + 2)/(-1 - 0). Let i = -77 + 75. Let z = d + i. Calculate the remainder when z is divided by 14.
12
Let i(q) = 6*q**2 + 112*q + 68. Let s = -8 - -35. Calculate the remainder when i(-19) is divided by s.
25
Let h(z) = z**3 + z + 1. Let j(u) = -u**3 + 7*u**2 + 3*u + 2. Let t(x) = 2*h(x) + j(x). Let c = -1 + -5. What is the remainder when 27 is divided by t(c)?
7
Suppose -2*i + 4*m = -10, 0*m - m = 1. What is the remainder when 61 is divided by i?
1
Suppose -11 - 11 = -2*r. Suppose 0 = 3*m - 3, 4*m - 80 = -5*w + 84. Calculate the remainder when w is divided by r.
10
Let y(q) = q**2 - 2*q - 6. What is the remainder when ((-8080)/70)/(-1) - (-9)/(-21) is divided by y(-5)?
28
What is the remainder when 156 is divided by 3/7 - ((-50112)/112)/6?
6
Suppose 2*f = -2*i + 32, -62*f + 61*f + 10 = -i. What is the remainder when 387 is divided by f?
10
Suppose -s - 58 = -15. Let v be -1 - (s + -2)/3. Suppose -g + v = -2. What is the remainder when 31 is divided by g?
15
Suppose 0 = -5*m - z + 38, -2*z = -6 - 0. What is the remainder when 9 is divided by m?
2
Suppose -c + 1137 = 1135. Calculate the remainder when 59 is divided by c.
1
Suppose s = 2*s - 33. Let a = 168 - -147. Suppose 16*g - 11*g = a. What is the remainder when g is divided by s?
30
Calculate the remainder when (1207/34)/((1 - -1)/4) is divided by 12.
11
Let p(n) = n**3 + 20*n**2 - 52*n - 110. Calculate the remainder when p(-22) is divided by 8.
2
Suppose 6*u + 182 = 290. What is the remainder when u is divided by 6?
0
Let v(x) = 2*x**2 - 16*x + 150. What is the remainder when v(7) is divided by 36?
28
Let g = 181 - 124. Suppose 0 = 3*p - 11 - 49. Let c = p - 5. What is the remainder when g is divided by c?
12
Let t = -709 + 718. What is the remainder when 276 is divided by t?
6
Suppose 5*y - 2*y = 48. Let k = 1857 + -1652. Calculate the remainder when k is divided by y.
13
Let i be (-2)/(-6) + 8/12. Let c = i - -7. Let b = 14 - 9. What is the remainder when c is divided by b?
3
Suppose 4*t - 5*k - 8 = 7, -5*k = 3*t + 15. Suppose t = u - 2*u - 6. Calculate the remainder when 10 is divided by (u/(-5))/(24/60).
1
Suppose 0 = -6*j - 1 + 43. Suppose -3 + j = 2*x. Calculate the remainder when (x - -40) + (4 - 6) is divided by 21.
19
Let p be (-2)/(1 + -3) - -1. Suppose p*l - 1 = 5. Calculate the remainder when -3*(l - 2) + 7 is divided by 2.
0
Let w(o) = 4*o**2 - 10*o - 24. Calculate the remainder when w(-3) is divided by 8.
2
Let y = -9 + 47. Let h(r) = -r**2 + 14*r + 25. What is the remainder when h(6) is divided by y?
35
Let a(l) = -l**2 + 29. Suppose -2*u = -d + 1, 5*u - 3 = -3*d - 0*d. Suppose -344 = -1618*j + 1575*j. What is the remainder when a(u) is divided by j?
5
Let n(v) = 2*v**2 - 3*v - 44. What is the remainder when 230 is divided by n(-5)?
20
Let u(k) = k + 53. Let c = 3 + -4. Let f be (4 - 4)*c*1. What is the remainder when u(f) is divided by 14?
11
Suppose 0 = 2*i + 4*x - x - 1161, -3*i + 2*x = -1735. Calculate the remainder when i/21 + 12/28 is divided by 16.
12
Let i(q) = 6*q - 47. Calculate the remainder when 62 is divided by i(10).
10
Suppose 63*v = -601 + 1987. What is the remainder when 517 is divided by v?
11
Suppose -6228 = 43*w - 55*w. Calculate the remainder when w is divided by 4.
3
Suppose 0 = 29*c - 589 - 542. Suppose 2*d = -0*d + 14. Let r = c - d. Calculate the remainder when r is divided by 11.
10
Let j(v) = -v**3 - 27*v**2 - 3*v - 9. Calculate the remainder when 95 is divided by j(-27).
23
Let s be 2/(4/(3 - 31)). What is the remainder when 15 is divided by 21/(-49) - 76/s?
0
Suppose -2*y - 616 = -9*y. Suppose 0 = -2*r + 3*i + 26, -2*r + 6*r - y = -3*i. Calculate the remainder when 93 is divided by r.
17
Suppose -12 = z + 13. Let v = z + 23. Ca